 12 = 0. Suppose -k*m = m - 30. Let p be ((-12)/m)/((-2)/5). Determine r(p).
3
Let p = -184 + 184. Let s(h) = h + 14. Calculate s(p).
14
Let k(x) = x**3 - 5*x**2 + x + 5. Suppose 0 = 6*b - 2*b - 3*f - 17, -4*f = -4. Let d be 3 + -2 + -3 + 4. Suppose -d*l + b = -3. Give k(l).
-7
Let t(z) = -3*z - 5. Let c(o) = -16*o - 26. Let u(h) = 2*c(h) - 11*t(h). What is u(-4)?
-1
Let i(z) = z**3 - 2*z**2 + 8*z - 2. Let s = 8 + -5. Let g(q) = 2*q**3 - 3*q**2 + 17*q - 3. Let v(t) = s*g(t) - 7*i(t). Let o = 12 + -8. What is v(o)?
1
Let w(g) = 159*g**3 - 3*g**2 - 312*g**3 + 2*g**2 + 154*g**3 - 4*g - 1. Give w(3).
5
Let s(n) be the third derivative of -n**4/24 + n**3/2 + 15*n**2. Calculate s(0).
3
Let s(d) = -d**2 - d - 2. Let q = -136 - -133. What is s(q)?
-8
Let a be 48/18 - 2/3. Let g(d) = 5*d**2 - 4*d**2 - a + 3 - 6*d + 2. Let w be 24/9*3/2. Determine g(w).
-5
Let l(x) be the first derivative of x**2 + 4*x - 2. Let p(j) = j**3 + 6*j**2 - 7*j - 3. Let y be p(-7). What is l(y)?
-2
Suppose i - p - 18 = 10, 3*p = 4*i - 112. Let b = i + -34. Let s(y) = y**3 + 7*y**2 + 7*y + 2. What is s(b)?
-4
Let o(z) = -z - 11. Suppose -2*s + 13 = -5*s + d, d - 1 = s. Give o(s).
-5
Let s be (-22)/(-5) - 12/30. Let t(w) be the second derivative of -w**4/12 + w**3/2 - 5*w**2/2 - w. Determine t(s).
-9
Let q(h) = -9*h - 18. Let z(a) = 16*a + 32. Let m(x) = -7*q(x) - 4*z(x). Suppose -5*k = -k - 24. Determine m(k).
-8
Let w(y) = -y**3 + 5*y**2 - 3*y - 6. Suppose 0 = 5*j - 2*j - 12. Let p be w(j). Let x(u) be the first derivative of 3*u**2/2 + u + 1. Give x(p).
-5
Let k = -1 - -4. Let s(l) = l - 4*l**3 - 6 + l**3 - l**2 + 4*l**k. Give s(0).
-6
Let o(w) = -w + 5. Let q be o(7). Let n(z) = z**3 - 2*z**2 - z - 3. Let c be n(3). Let g(l) = 3*l**c - l**3 - 2 + 0*l**2 + 3*l**2. Calculate g(q).
-6
Let o(h) = -h**3 - 4*h**2 + 2*h + 9. Let c be o(-4). Let a(i) = 9*i**2 + 2*i - 1. Determine a(c).
10
Let t(i) be the third derivative of -1/3*i**3 + 0*i - 1/12*i**4 - 1/120*i**6 + 2*i**2 + 0 + 1/20*i**5. Give t(2).
-2
Let q(o) = 2*o**2 - 5 - 9*o**2 + 8*o**2. Give q(5).
20
Let t(q) = 3 - 5 - 6*q + q - 2*q**2. Let a = -4 - 5. Let k be (-2)/a + (-145)/45. Give t(k).
-5
Let a(c) = -c**3 - 4*c**2 + 5*c - 2. Let p(w) = -w**3 + 4*w**2 + 4*w + 3. Let m be p(5). Let b = m - 3. Give a(b).
-2
Let k be 3/(-5) + (-6)/(-10). Let a(v) = -16*v**2 + 9*v + k*v**3 + 0 + v**3 - 4 + 7*v**2. Calculate a(8).
4
Suppose 4*k + 2*v = 4, k + 4*v + 3 + 3 = 0. Let g(l) = l**3 - 4*l**2 + 3*l. Determine g(k).
-2
Let k(j) be the third derivative of j**4/8 - j**3/6 - 24*j**2. Calculate k(1).
2
Let t(g) = -g + 5. Let d be t(5). Let k(l) be the second derivative of -l**4/12 + l**3/6 - 5*l**2/2 + 3*l. Give k(d).
-5
Suppose -4*m - 64 = 5*y, -5*y + 23 = 5*m + 103. Let t = 22 + m. Let p(x) = -x**3 + 7*x**2 - 5*x - 1. What is p(t)?
5
Suppose 4*w + 19 = -2*s + 5*s, 8 = 4*s - w. Let f(r) = -15*r**2 + r. Calculate f(s).
-14
Let z(d) = -d + 5. Suppose 10 = 2*b + 5*x, -2*b + 3*b - 15 = -5*x. Calculate z(b).
10
Suppose -3 = -2*q - 11. Let u = q - -8. Let d(l) = l**3 - 4*l**2 - l + 5. Give d(u).
1
Let d(m) = -2*m**2 + 5*m - 4. Let q(s) = s**2 - 2*s + 2. Let a(n) = -2*d(n) - 5*q(n). What is a(2)?
-6
Suppose -5*p - 6 = -1. Let v(n) = -5*n**2 + n + 1. Let s be v(p). Let y(d) = d**3 + 6*d**2 + 3*d - 7. Give y(s).
3
Suppose -13 = w + 3*t - 5, 4*w - 2*t = 24. Let m(p) = p**2 - 6*p + 1. Let x(c) = 3*c**2 - 17*c + 2. Let n(o) = -8*m(o) + 3*x(o). Give n(w).
2
Let v be 29/3 + 10/(-15). Let n(r) = -33*r + 6 - 13 + 3*r - v. Let h(b) = 6*b + 3. Let w(t) = -11*h(t) - 2*n(t). Determine w(-1).
5
Let h(z) be the first derivative of z**2/2 + 9*z - 40. Calculate h(-7).
2
Let r(p) = -5*p**3 - 10*p**2 - 3*p. Let x(n) = 4*n**3 + 9*n**2 + 2*n - 1. Let j(k) = -3*r(k) - 4*x(k). What is j(-6)?
-2
Let t = 32 + -29. Let c(q) be the first derivative of 4*q + 0*q**2 - 1/3*q**3 - t. Calculate c(-3).
-5
Let q = 1 + 3. Let j(k) = -2. Let s(b) = b - 1. Let x(y) = q*j(y) - 2*s(y). Suppose 5*u = -2*h - 19, 4*h = -4*u + h - 11. What is x(u)?
4
Let h(b) = -b + 7. Let p be h(-14). Let k be 16/6*p/(-14). Let x(a) = 2*a + 0*a + 2 + 1. Give x(k).
-5
Let u(b) be the first derivative of -3*b**2/2 - b + 1. Let k be u(2). Let o = -11 - k. Let j(n) = n**3 + 5*n**2 + 5*n + 2. Give j(o).
-2
Let m(i) be the first derivative of i**4/4 + 4*i**3/3 + 2*i**2 + 3*i + 4. Suppose -k = y + 2, -6 = 3*k + 5*y - y. What is m(k)?
3
Suppose 11*a = 16*a - 10. Let t(r) = -r**3 + 3*r**2 - 4*r + 2. Calculate t(a).
-2
Let s(j) = -j**3 - 3*j**2 - j + 5. Let z be 1 + -2 + (-1 - (5 - 3)). Determine s(z).
25
Suppose 2*x - 3*q = 5, -q = -2*q - 1. Let v(a) = -a + 8. Let h(y) = -y + 1. Let m(o) = x*v(o) - 2*h(o). Suppose 370*r - 45 = 379*r. Determine m(r).
1
Let x be 4/(-14) + 38/(-14). Let v(g) = g + 3. Let m(b) = b + 2. Suppose 3*i - 10 = -k, 4*i = 18 - 2. Let u(c) = k*v(c) + 3*m(c). What is u(x)?
-3
Let i(r) = 5*r**2 + 6*r + 1. Let y be (0 - -6) + (-8)/4. Let z(q) = -3*q**2 - 3*q. Let x(v) = y*i(v) + 7*z(v). What is x(3)?
4
Let f(n) be the first derivative of -n**3/3 + 3*n**2/2 - 4*n - 2. Let t = -6 - -1. Let m = t + 9. Give f(m).
-8
Let b(u) = u**3 - u - 6. Let j(z) = z**2 - 29*z. Let x be j(29). Give b(x).
-6
Let h = -10 - -4. Let m(s) = s. Let c(k) = -7*k - 8. Let g(f) = h*m(f) - c(f). Suppose 2*w = -3*w - 20. What is g(w)?
4
Suppose -3*d + d = 2*d. Let m(w) = -w**3 - w**2 - w + 12. Give m(d).
12
Let w(l) = -239 - 3*l + 239 + 4*l. Determine w(6).
6
Let f = 7 + -3. Suppose -24 = 4*l - 3*z, f*l + 5 - 13 = -5*z. Let b(t) = -3*t + 9. Let j(r) = -2*r + 8. Let q(k) = 3*b(k) - 4*j(k). Give q(l).
-2
Let w be (-7)/14*-3*2. Suppose 0 = -w*v + 3 - 21. Let l(n) = -n**3 - 6*n**2 + n + 7. Determine l(v).
1
Let k(f) = f - 7. Let g(c) = 0*c + c**3 - 5 + 4*c + 4*c - 7*c**2. Let m be g(6). Let u(j) = j - 2. Let w be u(m). Calculate k(w).
-2
Let r(j) be the first derivative of -5/2*j**2 + 1/3*j**3 + 7*j + 2. Calculate r(5).
7
Suppose -c - c - 8 = 0. Let i(x) = -4*x - 10 + 0*x + x + 2*x. Let t(u) = u + 11. Let w(s) = -3*i(s) - 2*t(s). Give w(c).
4
Let x(p) = p**2 + p. Let v be x(-2). Let l(t) be the third derivative of 1/30*t**5 + 0 + 1/8*t**4 + v*t**2 + 0*t + 1/2*t**3. What is l(-2)?
5
Let l(v) = 7*v**2 + 13*v - 6. Let t(s) = 11*s**2 + 20*s - 9. Let j(z) = -8*l(z) + 5*t(z). Let o(g) be the first derivative of j(g). What is o(-5)?
6
Let t(r) be the second derivative of r**4/12 - r**3/2 + 2*r**2 + 5*r. Calculate t(3).
4
Let y(m) be the first derivative of m**3/6 - 4*m**2 - 2*m + 2. Let i(n) be the first derivative of y(n). Suppose -4*j - 12 = -7*j. What is i(j)?
-4
Suppose -2*p + 8 = 0, -2*r - r = -5*p + 5. Let a(i) = 17*i - 5 + 13*i - 28*i. Calculate a(r).
5
Let l(h) = 9*h**2 + h - 6. Let f(s) = -4*s**2 - s + 3. Let q(w) = -7*f(w) - 3*l(w). Let m(j) = -7*j + 4*j + 0*j + 4 - 3. Let a be m(2). Determine q(a).
2
Let n be (-1284)/(-18) - 2/(-3). Suppose 5*w + 28 = -n. Let g be (w/(-15))/((-1)/3). Let u(x) = -x**3 - 3*x**2 + 4*x - 1. What is u(g)?
-1
Suppose 0 = n - 4 + 2. Let z(j) = 13*j**2 - 17*j. Let s(p) = 3*p**2 - 4*p. Let t(l) = -9*s(l) + 2*z(l). Give t(n).
0
Let q(y) = -7 + 5*y - 7*y - y + y**2. Give q(5).
3
Let d(j) = j + 4. Let s = 7 - 3. Give d(s).
8
Let l(t) be the second derivative of -t**5/20 + 7*t**4/12 - 4*t**3/3 + 3*t**2/2 + 3*t. Determine l(5).
13
Let y(v) = v + 2. Let x = 25 - 17. Let h be (4/x)/((-4)/24). Calculate y(h).
-1
Let a(d) be the second derivative of d**5/60 + d**4/12 - 5*d**3/6 + d**2/2 + 3*d. Let y(r) be the first derivative of a(r). Determine y(-4).
3
Suppose -72 = -7*d + 3*d. Let r = -35 - -22. Let c = d + r. Let p(w) = -w**3 + 6*w**2 - 7*w + 4. Give p(c).
-6
Let k(b) = 2*b + 5*b - 1 - 8*b + 2*b**2. Calculate k(-2).
9
Let t(x) be the second derivative of x**5/20 + x**4/3 - x**3 - 2*x**2 - 7*x. What is t(-5)?
1
Let x(y) be the second derivative of -y**4/12 - y**3/2 + y**2/2 - 14*y. Calculate x(-3).
1
Suppose -b + 5*b + 12 = 0. Suppose t = -0 + 1. Let x(n) = t - 3 - n + 0*n. Give x(b).
1
Suppose -24 = -3*l - 0*l. Suppose -3*a + 7*a = -l, 3*j = a + 17. Let m(q) = -3*q + 7. Determine m(j).
-8
Suppose -4*d - 45 = q + 4*q, -2*d - 10 = 0. Let v(p) = -p**2 + 7 - 5*p + p + p. What is v(q)?
-3
Let a(o) = 5*o**2 - 2*o + 0*o**2 - 1 + 3 - 4*o**2. Give a(2).
2
Let x be (5 + -9)*(-3 + 1). Let p = x - 8. Let j(r) = 